{"id":544,"date":"2025-10-29T08:35:50","date_gmt":"2025-10-29T08:35:50","guid":{"rendered":"https:\/\/saspow.edu.pl\/?page_id=544"},"modified":"2025-10-29T08:35:50","modified_gmt":"2025-10-29T08:35:50","slug":"informacje-o-projekcie","status":"publish","type":"page","link":"https:\/\/saspow.edu.pl\/index.php\/informacje-o-projekcie\/","title":{"rendered":"Informacje o projekcie"},"content":{"rendered":"<div class=\"wpb-content-wrapper\"><p>[vc_row][vc_column][vc_column_text css=&#8221;&#8221;]<span class=\"cf0\">W roku szkolnym 2025\/2026 w naszej szkole jest realizowany Ma<\/span><span class=\"cf1\">\u0142opolski Program Wspierania Uczni<\/span><span class=\"cf0\">\u00f3w w ramach programu Fundusze Europejskie dla Ma<\/span><span class=\"cf1\">\u0142opolski 2021-2027, Priorytet 6. Fundusze dla rynku pracy, edukacji i w\u0142\u0105czenia spo\u0142ecznego <\/span><span class=\"cf2\">\u2013 CP4(f), Dzia<\/span><span class=\"cf1\">\u0142anie 6.12 Edukacja <\/span><span class=\"cf2\">\u2013 projekty Wojew<\/span><span class=\"cf0\">\u00f3dztwa Ma<\/span><span class=\"cf1\">\u0142opolskiego. Liderem projektu jest Wojew<\/span><span class=\"cf0\">\u00f3dztwo Ma<\/span><span class=\"cf1\">\u0142opolskie <\/span><span class=\"cf2\">\u2013 Departament Edukacji Urz<\/span><span class=\"cf1\">\u0119du Marsza\u0142kowskiego Wojew<\/span><span class=\"cf0\">\u00f3dztwa Ma<\/span><span class=\"cf1\">\u0142opolskiego, natomiast realizatorem komponentu 2 jest Ma\u0142opolskie Centrum Doskonalenia Nauczycieli w Krakowie.<\/span><\/p>\n<p>&nbsp;<\/p>\n<p><span class=\"cf1\">Celem realizowanego projektu jest wsparcie szk<\/span><span class=\"cf0\">\u00f3<\/span><span class=\"cf1\">\u0142 podstawowych w rozpoznawaniu i wspieraniu uczni<\/span><span class=\"cf0\">\u00f3w zdolnych. Uczestnikami projektu zostan<\/span><span class=\"cf1\">\u0105 obj\u0119ci wszyscy uczniowie klas II-VIII.<\/span><\/p>\n<p>&nbsp;<\/p>\n<p><span class=\"cf1\">Liderzy projektu:<\/span><\/p>\n<p>&nbsp;<\/p>\n<p><span class=\"cf1\">mgr Marzena \u0106wik- uczniowie klas 2-4<\/span><\/p>\n<p><span class=\"cf1\">mgr Ma\u0142gorzata Bigaj <\/span><span class=\"cf2\">\u2013 uczniowie klas 5-8<\/span><\/p>\n<p><span class=\"cf2\">Regulamin naboru dost<\/span><span class=\"cf1\">\u0119pny jest w za\u0142\u0105czniku.<\/span><\/p>\n<p>&nbsp;<\/p>\n<p><span class=\"cf1\">O przej\u015bciu ucznia do kolejnego etapu projektu b\u0119d\u0105 informowa\u0107 rodzic<\/span><span class=\"cf0\">\u00f3w Liderzy poprzez kontakt indywidualny <\/span><span class=\"cf0\">tj<\/span><span class=\"cf0\">. kontakt telefoniczny lub poprzez e-dziennik.<\/span><\/p>\n<p>&nbsp;<\/p>\n<p><span class=\"cf0\">Projekt realizowany w partnerstwie z Departamentem Edukacji Urz<\/span><span class=\"cf1\">\u0119du Marsza\u0142kowskiego Wojew<\/span><span class=\"cf0\">\u00f3dztwa Ma<\/span><span class=\"cf1\">\u0142opolskiego i Ma\u0142opolskim Centrum Doskonalenia Nauczycieli.<\/span><\/p>\n<p>&nbsp;<\/p>\n<p><span class=\"cf1\">W ramach partnerstwa szko\u0142a otrzyma wsparcie w formie:<\/span><\/p>\n<p>&nbsp;<\/p>\n<p><span class=\"cf1\">szkole\u0144 i wsparcia merytoryczno-metodycznego dla nauczycieli, materia\u0142<\/span><span class=\"cf0\">\u00f3w na potrzeby diagnozy uczni\u00f3w, kt\u00f3rzy mimo wysokiego potencja<\/span><span class=\"cf1\">\u0142u nie uzyskuj\u0105 wynik<\/span><span class=\"cf0\">\u00f3w na miar<\/span><span class=\"cf1\">\u0119 swoich mo\u017cliwo\u015bci,<\/span><\/p>\n<p><span class=\"cf1\">pomocy w procesie diagnozy uczni<\/span><span class=\"cf0\">\u00f3w, kt\u00f3ra zostanie przeprowadzona w szko<\/span><span class=\"cf1\">\u0142ach przez naszych nauczycieli szkolnych lider<\/span><span class=\"cf0\">\u00f3w projektu,<\/span><\/p>\n<p><span class=\"cf0\">program\u00f3w i scenariuszy zaj<\/span><span class=\"cf1\">\u0119\u0107 dla uczni<\/span><span class=\"cf0\">\u00f3w zakwalifikowanych drog<\/span><span class=\"cf1\">\u0105 diagnozy do warsztat<\/span><span class=\"cf0\">\u00f3w og\u00f3lnorozwojowych, kt\u00f3re zostan<\/span><span class=\"cf1\">\u0105 przeprowadzone w naszej szkole przez szkolnych lider<\/span><span class=\"cf0\">\u00f3w projektu,<\/span><\/p>\n<p><span class=\"cf0\">dodatkowej pomocy psychologiczno-pedagogicznej dla uczni\u00f3w, kt\u00f3ra b<\/span><span class=\"cf1\">\u0119dzie realizowana w szkole,<\/span><\/p>\n<p><span class=\"cf1\">warsztat<\/span><span class=\"cf0\">\u00f3w i konsultacji dla rodzic\u00f3w dzieci, kt\u00f3re odb<\/span><span class=\"cf1\">\u0119d\u0105 si\u0119 na terenie szk<\/span><span class=\"cf0\">\u00f3<\/span><span class=\"cf1\">\u0142 uczestnicz\u0105cych w projekcie,<\/span><\/p>\n<p><span class=\"cf1\">mo\u017cliwo\u015bci zorganizowania wyjazd<\/span><span class=\"cf0\">\u00f3w edukacyjnych dla uczni\u00f3w do miejsc s<\/span><span class=\"cf1\">\u0142u\u017c\u0105cych rozwijaniu ciekawo\u015bci \u015bwiata i aktywno\u015bci poznawczej.<\/span><\/p>\n<p><span class=\"cf1\">Dla uczni<\/span><span class=\"cf0\">\u00f3w obj<\/span><span class=\"cf1\">\u0119tych wsparciem zostanie zorganizowany konkurs z nagrodami, podczas kt<\/span><span class=\"cf0\">\u00f3rego b<\/span><span class=\"cf1\">\u0119d\u0105 mogli zaprezentowa\u0107 swoje osi\u0105gni\u0119cia <\/span><span class=\"cf2\">\u2013 sukcesy uzyskane dzi<\/span><span class=\"cf1\">\u0119ki udzia\u0142owi w projekcie.<\/span><\/p>\n<p>&nbsp;<\/p>\n<p><span class=\"cf1\">Ponadto, wy\u0142\u0105cznie dla uczestnik<\/span><span class=\"cf0\">\u00f3w projektu, zostanie wyodr<\/span><span class=\"cf1\">\u0119bniona pula \u015brodk<\/span><span class=\"cf0\">\u00f3w w ramach komponentu stypendialnego Ma<\/span><span class=\"cf1\">\u0142opolskiego Programu Wspierania Uczni<\/span><span class=\"cf0\">\u00f3w, co pozwoli na dodatkowe wsparcie rozwoju ich uzdolnie<\/span><span class=\"cf1\">\u0144.<\/span><\/p>\n<p>&nbsp;<\/p>\n<p><span class=\"cf1\">Regulamin okre\u015bla zasady rekrutacji i udzia\u0142u w Projekcie<\/span><\/p>\n<p><!--EndFragment -->[\/vc_column_text][\/vc_column][\/vc_row]<\/p>\n<\/div>","protected":false},"excerpt":{"rendered":"<p>[vc_row][vc_column][vc_column_text css=&#8221;&#8221;]W roku szkolnym 2025\/2026 w naszej szkole jest realizowany Ma\u0142opolski Program Wspierania Uczni\u00f3w w ramach programu Fundusze Europejskie dla Ma\u0142opolski 2021-2027, Priorytet 6. Fundusze dla rynku pracy, edukacji i w\u0142\u0105czenia spo\u0142ecznego \u2013 CP4(f), Dzia\u0142anie 6.12 Edukacja \u2013 projekty Wojew\u00f3dztwa Ma\u0142opolskiego. Liderem projektu jest Wojew\u00f3dztwo Ma\u0142opolskie \u2013 Departament Edukacji Urz\u0119du Marsza\u0142kowskiego Wojew\u00f3dztwa Ma\u0142opolskiego, natomiast realizatorem&hellip;<\/p>\n","protected":false},"author":2,"featured_media":0,"parent":0,"menu_order":0,"comment_status":"closed","ping_status":"closed","template":"","meta":{"footnotes":""},"class_list":["post-544","page","type-page","status-publish","hentry","description-off"],"yoast_head":"<!-- This site is optimized with the Yoast SEO plugin v27.4 - https:\/\/yoast.com\/product\/yoast-seo-wordpress\/ -->\n<title>Informacje o projekcie - Zesp&oacute;\u0142 Szkolno-Przedszkolny w S\u0105spowie<\/title>\n<meta name=\"robots\" content=\"index, follow, max-snippet:-1, max-image-preview:large, max-video-preview:-1\" \/>\n<link rel=\"canonical\" href=\"https:\/\/saspow.edu.pl\/index.php\/informacje-o-projekcie\/\" \/>\n<meta property=\"og:locale\" content=\"pl_PL\" \/>\n<meta property=\"og:type\" content=\"article\" \/>\n<meta property=\"og:title\" content=\"Informacje o projekcie - Zesp&oacute;\u0142 Szkolno-Przedszkolny w S\u0105spowie\" \/>\n<meta property=\"og:description\" content=\"[vc_row][vc_column][vc_column_text css=&#8221;&#8221;]W roku szkolnym 2025\/2026 w naszej szkole jest realizowany Ma\u0142opolski Program Wspierania Uczni\u00f3w w ramach programu Fundusze Europejskie dla Ma\u0142opolski 2021-2027, Priorytet 6. Fundusze dla rynku pracy, edukacji i w\u0142\u0105czenia spo\u0142ecznego \u2013 CP4(f), Dzia\u0142anie 6.12 Edukacja \u2013 projekty Wojew\u00f3dztwa Ma\u0142opolskiego. Liderem projektu jest Wojew\u00f3dztwo Ma\u0142opolskie \u2013 Departament Edukacji Urz\u0119du Marsza\u0142kowskiego Wojew\u00f3dztwa Ma\u0142opolskiego, natomiast realizatorem&hellip;\" \/>\n<meta property=\"og:url\" content=\"https:\/\/saspow.edu.pl\/index.php\/informacje-o-projekcie\/\" \/>\n<meta property=\"og:site_name\" content=\"Zesp&oacute;\u0142 Szkolno-Przedszkolny w S\u0105spowie\" \/>\n<meta property=\"article:publisher\" content=\"https:\/\/www.facebook.com\/profile.php?id=100057595683178\" \/>\n<meta name=\"twitter:card\" content=\"summary_large_image\" \/>\n<meta name=\"twitter:label1\" content=\"Szacowany czas czytania\" \/>\n\t<meta name=\"twitter:data1\" content=\"2 minuty\" \/>\n<script type=\"application\/ld+json\" class=\"yoast-schema-graph\">{\"@context\":\"https:\\\/\\\/schema.org\",\"@graph\":[{\"@type\":\"WebPage\",\"@id\":\"https:\\\/\\\/saspow.edu.pl\\\/index.php\\\/informacje-o-projekcie\\\/\",\"url\":\"https:\\\/\\\/saspow.edu.pl\\\/index.php\\\/informacje-o-projekcie\\\/\",\"name\":\"Informacje o projekcie - Zesp&oacute;\u0142 Szkolno-Przedszkolny w S\u0105spowie\",\"isPartOf\":{\"@id\":\"https:\\\/\\\/saspow.edu.pl\\\/#website\"},\"datePublished\":\"2025-10-29T08:35:50+00:00\",\"breadcrumb\":{\"@id\":\"https:\\\/\\\/saspow.edu.pl\\\/index.php\\\/informacje-o-projekcie\\\/#breadcrumb\"},\"inLanguage\":\"pl-PL\",\"potentialAction\":[{\"@type\":\"ReadAction\",\"target\":[\"https:\\\/\\\/saspow.edu.pl\\\/index.php\\\/informacje-o-projekcie\\\/\"]}]},{\"@type\":\"BreadcrumbList\",\"@id\":\"https:\\\/\\\/saspow.edu.pl\\\/index.php\\\/informacje-o-projekcie\\\/#breadcrumb\",\"itemListElement\":[{\"@type\":\"ListItem\",\"position\":1,\"name\":\"Strona g\u0142\u00f3wna\",\"item\":\"https:\\\/\\\/saspow.edu.pl\\\/\"},{\"@type\":\"ListItem\",\"position\":2,\"name\":\"Informacje o projekcie\"}]},{\"@type\":\"WebSite\",\"@id\":\"https:\\\/\\\/saspow.edu.pl\\\/#website\",\"url\":\"https:\\\/\\\/saspow.edu.pl\\\/\",\"name\":\"Zesp\u00f3\u0142 Szkolno-Przedszkolny w S\u0105spowie\",\"description\":\"Zesp&oacute;\u0142 Szkolno-Przedszkolny w S\u0105spowie\",\"publisher\":{\"@id\":\"https:\\\/\\\/saspow.edu.pl\\\/#organization\"},\"potentialAction\":[{\"@type\":\"SearchAction\",\"target\":{\"@type\":\"EntryPoint\",\"urlTemplate\":\"https:\\\/\\\/saspow.edu.pl\\\/?s={search_term_string}\"},\"query-input\":{\"@type\":\"PropertyValueSpecification\",\"valueRequired\":true,\"valueName\":\"search_term_string\"}}],\"inLanguage\":\"pl-PL\"},{\"@type\":\"Organization\",\"@id\":\"https:\\\/\\\/saspow.edu.pl\\\/#organization\",\"name\":\"Zesp\u00f3\u0142 Szkolno-Przedszkolny w S\u0105spowie\",\"url\":\"https:\\\/\\\/saspow.edu.pl\\\/\",\"logo\":{\"@type\":\"ImageObject\",\"inLanguage\":\"pl-PL\",\"@id\":\"https:\\\/\\\/saspow.edu.pl\\\/#\\\/schema\\\/logo\\\/image\\\/\",\"url\":\"https:\\\/\\\/saspow.edu.pl\\\/wp-content\\\/uploads\\\/2025\\\/09\\\/250.png\",\"contentUrl\":\"https:\\\/\\\/saspow.edu.pl\\\/wp-content\\\/uploads\\\/2025\\\/09\\\/250.png\",\"width\":250,\"height\":97,\"caption\":\"Zesp\u00f3\u0142 Szkolno-Przedszkolny w S\u0105spowie\"},\"image\":{\"@id\":\"https:\\\/\\\/saspow.edu.pl\\\/#\\\/schema\\\/logo\\\/image\\\/\"},\"sameAs\":[\"https:\\\/\\\/www.facebook.com\\\/profile.php?id=100057595683178\"]}]}<\/script>\n<!-- \/ Yoast SEO plugin. -->","yoast_head_json":{"title":"Informacje o projekcie - Zesp&oacute;\u0142 Szkolno-Przedszkolny w S\u0105spowie","robots":{"index":"index","follow":"follow","max-snippet":"max-snippet:-1","max-image-preview":"max-image-preview:large","max-video-preview":"max-video-preview:-1"},"canonical":"https:\/\/saspow.edu.pl\/index.php\/informacje-o-projekcie\/","og_locale":"pl_PL","og_type":"article","og_title":"Informacje o projekcie - Zesp&oacute;\u0142 Szkolno-Przedszkolny w S\u0105spowie","og_description":"[vc_row][vc_column][vc_column_text css=&#8221;&#8221;]W roku szkolnym 2025\/2026 w naszej szkole jest realizowany Ma\u0142opolski Program Wspierania Uczni\u00f3w w ramach programu Fundusze Europejskie dla Ma\u0142opolski 2021-2027, Priorytet 6. Fundusze dla rynku pracy, edukacji i w\u0142\u0105czenia spo\u0142ecznego \u2013 CP4(f), Dzia\u0142anie 6.12 Edukacja \u2013 projekty Wojew\u00f3dztwa Ma\u0142opolskiego. Liderem projektu jest Wojew\u00f3dztwo Ma\u0142opolskie \u2013 Departament Edukacji Urz\u0119du Marsza\u0142kowskiego Wojew\u00f3dztwa Ma\u0142opolskiego, natomiast realizatorem&hellip;","og_url":"https:\/\/saspow.edu.pl\/index.php\/informacje-o-projekcie\/","og_site_name":"Zesp&oacute;\u0142 Szkolno-Przedszkolny w S\u0105spowie","article_publisher":"https:\/\/www.facebook.com\/profile.php?id=100057595683178","twitter_card":"summary_large_image","twitter_misc":{"Szacowany czas czytania":"2 minuty"},"schema":{"@context":"https:\/\/schema.org","@graph":[{"@type":"WebPage","@id":"https:\/\/saspow.edu.pl\/index.php\/informacje-o-projekcie\/","url":"https:\/\/saspow.edu.pl\/index.php\/informacje-o-projekcie\/","name":"Informacje o projekcie - Zesp&oacute;\u0142 Szkolno-Przedszkolny w S\u0105spowie","isPartOf":{"@id":"https:\/\/saspow.edu.pl\/#website"},"datePublished":"2025-10-29T08:35:50+00:00","breadcrumb":{"@id":"https:\/\/saspow.edu.pl\/index.php\/informacje-o-projekcie\/#breadcrumb"},"inLanguage":"pl-PL","potentialAction":[{"@type":"ReadAction","target":["https:\/\/saspow.edu.pl\/index.php\/informacje-o-projekcie\/"]}]},{"@type":"BreadcrumbList","@id":"https:\/\/saspow.edu.pl\/index.php\/informacje-o-projekcie\/#breadcrumb","itemListElement":[{"@type":"ListItem","position":1,"name":"Strona g\u0142\u00f3wna","item":"https:\/\/saspow.edu.pl\/"},{"@type":"ListItem","position":2,"name":"Informacje o projekcie"}]},{"@type":"WebSite","@id":"https:\/\/saspow.edu.pl\/#website","url":"https:\/\/saspow.edu.pl\/","name":"Zesp\u00f3\u0142 Szkolno-Przedszkolny w S\u0105spowie","description":"Zesp&oacute;\u0142 Szkolno-Przedszkolny w S\u0105spowie","publisher":{"@id":"https:\/\/saspow.edu.pl\/#organization"},"potentialAction":[{"@type":"SearchAction","target":{"@type":"EntryPoint","urlTemplate":"https:\/\/saspow.edu.pl\/?s={search_term_string}"},"query-input":{"@type":"PropertyValueSpecification","valueRequired":true,"valueName":"search_term_string"}}],"inLanguage":"pl-PL"},{"@type":"Organization","@id":"https:\/\/saspow.edu.pl\/#organization","name":"Zesp\u00f3\u0142 Szkolno-Przedszkolny w S\u0105spowie","url":"https:\/\/saspow.edu.pl\/","logo":{"@type":"ImageObject","inLanguage":"pl-PL","@id":"https:\/\/saspow.edu.pl\/#\/schema\/logo\/image\/","url":"https:\/\/saspow.edu.pl\/wp-content\/uploads\/2025\/09\/250.png","contentUrl":"https:\/\/saspow.edu.pl\/wp-content\/uploads\/2025\/09\/250.png","width":250,"height":97,"caption":"Zesp\u00f3\u0142 Szkolno-Przedszkolny w S\u0105spowie"},"image":{"@id":"https:\/\/saspow.edu.pl\/#\/schema\/logo\/image\/"},"sameAs":["https:\/\/www.facebook.com\/profile.php?id=100057595683178"]}]}},"_links":{"self":[{"href":"https:\/\/saspow.edu.pl\/index.php\/wp-json\/wp\/v2\/pages\/544","targetHints":{"allow":["GET"]}}],"collection":[{"href":"https:\/\/saspow.edu.pl\/index.php\/wp-json\/wp\/v2\/pages"}],"about":[{"href":"https:\/\/saspow.edu.pl\/index.php\/wp-json\/wp\/v2\/types\/page"}],"author":[{"embeddable":true,"href":"https:\/\/saspow.edu.pl\/index.php\/wp-json\/wp\/v2\/users\/2"}],"replies":[{"embeddable":true,"href":"https:\/\/saspow.edu.pl\/index.php\/wp-json\/wp\/v2\/comments?post=544"}],"version-history":[{"count":1,"href":"https:\/\/saspow.edu.pl\/index.php\/wp-json\/wp\/v2\/pages\/544\/revisions"}],"predecessor-version":[{"id":545,"href":"https:\/\/saspow.edu.pl\/index.php\/wp-json\/wp\/v2\/pages\/544\/revisions\/545"}],"wp:attachment":[{"href":"https:\/\/saspow.edu.pl\/index.php\/wp-json\/wp\/v2\/media?parent=544"}],"curies":[{"name":"wp","href":"https:\/\/api.w.org\/{rel}","templated":true}]}}