{"id":1066,"date":"2026-02-26T12:36:24","date_gmt":"2026-02-26T12:36:24","guid":{"rendered":"https:\/\/saspow.edu.pl\/?page_id=1066"},"modified":"2026-02-26T12:36:24","modified_gmt":"2026-02-26T12:36:24","slug":"mpws-dla-rodzicow","status":"publish","type":"page","link":"https:\/\/saspow.edu.pl\/index.php\/mpws-dla-rodzicow\/","title":{"rendered":"MPWS dla rodzic\u00f3w"},"content":{"rendered":"<div class=\"wpb-content-wrapper\"><p>[vc_row][vc_column][vc_column_text]W dniach 21-22 stycznia, odby\u0142y si\u0119 warsztaty dla rodzic\u00f3w uczni\u00f3w\u00a0 w\u00a0ramach realizacji Ma\u0142opolskiego Programu Wspierania Uczni\u00f3w \u2013 komponent 2 w\u00a0ramach programu Fundusze Europejskie dla Ma\u0142opolski 2021-2027 prowadzone przez Pani\u0105 Emili\u0119 Giemzik.\u00a0 Podczas tych spotka\u0144 poruszano tematyk\u0119 dotycz\u0105c\u0105: \u00a01. Zdolno\u015bci, uzdolnie\u0144, talentu \u2013 teoria Inteligencji Wielorakich Gardnera. 2. Dziecka zdolnego \u2013 mocne i\u00a0s\u0142abe strony. 3. Roli rodziny we\u00a0wspieraniu rozwoju dzieci zdolnych \u2013 postawy rodzic\u00f3w dzieci zdolnych. 4. Korzy\u015bci z\u00a0udzia\u0142u w\u00a0projekcie MPWU.[\/vc_column_text][\/vc_column][\/vc_row][vc_row][vc_column][vc_single_image image=&#8221;1067&#8243; img_size=&#8221;full&#8221; alignment=&#8221;center&#8221;][\/vc_column][\/vc_row]<\/p>\n<\/div>","protected":false},"excerpt":{"rendered":"<p>[vc_row][vc_column][vc_column_text]W dniach 21-22 stycznia, odby\u0142y si\u0119 warsztaty dla rodzic\u00f3w uczni\u00f3w\u00a0 w\u00a0ramach realizacji Ma\u0142opolskiego Programu Wspierania Uczni\u00f3w \u2013 komponent 2 w\u00a0ramach programu Fundusze Europejskie dla Ma\u0142opolski 2021-2027 prowadzone przez Pani\u0105 Emili\u0119 Giemzik.\u00a0 Podczas tych spotka\u0144 poruszano tematyk\u0119 dotycz\u0105c\u0105: \u00a01. Zdolno\u015bci, uzdolnie\u0144, talentu \u2013 teoria Inteligencji Wielorakich Gardnera. 2. Dziecka zdolnego \u2013 mocne i\u00a0s\u0142abe strony. 3. Roli&hellip;<\/p>\n","protected":false},"author":2,"featured_media":0,"parent":0,"menu_order":0,"comment_status":"closed","ping_status":"closed","template":"","meta":{"footnotes":""},"class_list":["post-1066","page","type-page","status-publish","hentry","description-off"],"yoast_head":"<!-- This site is optimized with the Yoast SEO plugin v27.4 - https:\/\/yoast.com\/product\/yoast-seo-wordpress\/ -->\n<title>MPWS dla rodzic\u00f3w - Zesp&oacute;\u0142 Szkolno-Przedszkolny w S\u0105spowie<\/title>\n<meta name=\"robots\" content=\"index, follow, max-snippet:-1, max-image-preview:large, max-video-preview:-1\" \/>\n<link rel=\"canonical\" href=\"https:\/\/saspow.edu.pl\/index.php\/mpws-dla-rodzicow\/\" \/>\n<meta property=\"og:locale\" content=\"pl_PL\" \/>\n<meta property=\"og:type\" content=\"article\" \/>\n<meta property=\"og:title\" content=\"MPWS dla rodzic\u00f3w - Zesp&oacute;\u0142 Szkolno-Przedszkolny w S\u0105spowie\" \/>\n<meta property=\"og:description\" content=\"[vc_row][vc_column][vc_column_text]W dniach 21-22 stycznia, odby\u0142y si\u0119 warsztaty dla rodzic\u00f3w uczni\u00f3w\u00a0 w\u00a0ramach realizacji Ma\u0142opolskiego Programu Wspierania Uczni\u00f3w \u2013 komponent 2 w\u00a0ramach programu Fundusze Europejskie dla Ma\u0142opolski 2021-2027 prowadzone przez Pani\u0105 Emili\u0119 Giemzik.\u00a0 Podczas tych spotka\u0144 poruszano tematyk\u0119 dotycz\u0105c\u0105: \u00a01. Zdolno\u015bci, uzdolnie\u0144, talentu \u2013 teoria Inteligencji Wielorakich Gardnera. 2. Dziecka zdolnego \u2013 mocne i\u00a0s\u0142abe strony. 3. Roli&hellip;\" \/>\n<meta property=\"og:url\" content=\"https:\/\/saspow.edu.pl\/index.php\/mpws-dla-rodzicow\/\" \/>\n<meta property=\"og:site_name\" content=\"Zesp&oacute;\u0142 Szkolno-Przedszkolny w S\u0105spowie\" \/>\n<meta property=\"article:publisher\" content=\"https:\/\/www.facebook.com\/profile.php?id=100057595683178\" \/>\n<meta name=\"twitter:card\" content=\"summary_large_image\" \/>\n<meta name=\"twitter:label1\" content=\"Szacowany czas czytania\" \/>\n\t<meta name=\"twitter:data1\" content=\"1 minuta\" \/>\n<script type=\"application\/ld+json\" class=\"yoast-schema-graph\">{\"@context\":\"https:\\\/\\\/schema.org\",\"@graph\":[{\"@type\":\"WebPage\",\"@id\":\"https:\\\/\\\/saspow.edu.pl\\\/index.php\\\/mpws-dla-rodzicow\\\/\",\"url\":\"https:\\\/\\\/saspow.edu.pl\\\/index.php\\\/mpws-dla-rodzicow\\\/\",\"name\":\"MPWS dla rodzic\u00f3w - Zesp&oacute;\u0142 Szkolno-Przedszkolny w S\u0105spowie\",\"isPartOf\":{\"@id\":\"https:\\\/\\\/saspow.edu.pl\\\/#website\"},\"datePublished\":\"2026-02-26T12:36:24+00:00\",\"breadcrumb\":{\"@id\":\"https:\\\/\\\/saspow.edu.pl\\\/index.php\\\/mpws-dla-rodzicow\\\/#breadcrumb\"},\"inLanguage\":\"pl-PL\",\"potentialAction\":[{\"@type\":\"ReadAction\",\"target\":[\"https:\\\/\\\/saspow.edu.pl\\\/index.php\\\/mpws-dla-rodzicow\\\/\"]}]},{\"@type\":\"BreadcrumbList\",\"@id\":\"https:\\\/\\\/saspow.edu.pl\\\/index.php\\\/mpws-dla-rodzicow\\\/#breadcrumb\",\"itemListElement\":[{\"@type\":\"ListItem\",\"position\":1,\"name\":\"Strona g\u0142\u00f3wna\",\"item\":\"https:\\\/\\\/saspow.edu.pl\\\/\"},{\"@type\":\"ListItem\",\"position\":2,\"name\":\"MPWS dla rodzic\u00f3w\"}]},{\"@type\":\"WebSite\",\"@id\":\"https:\\\/\\\/saspow.edu.pl\\\/#website\",\"url\":\"https:\\\/\\\/saspow.edu.pl\\\/\",\"name\":\"Zesp\u00f3\u0142 Szkolno-Przedszkolny w S\u0105spowie\",\"description\":\"Zesp&oacute;\u0142 Szkolno-Przedszkolny w S\u0105spowie\",\"publisher\":{\"@id\":\"https:\\\/\\\/saspow.edu.pl\\\/#organization\"},\"potentialAction\":[{\"@type\":\"SearchAction\",\"target\":{\"@type\":\"EntryPoint\",\"urlTemplate\":\"https:\\\/\\\/saspow.edu.pl\\\/?s={search_term_string}\"},\"query-input\":{\"@type\":\"PropertyValueSpecification\",\"valueRequired\":true,\"valueName\":\"search_term_string\"}}],\"inLanguage\":\"pl-PL\"},{\"@type\":\"Organization\",\"@id\":\"https:\\\/\\\/saspow.edu.pl\\\/#organization\",\"name\":\"Zesp\u00f3\u0142 Szkolno-Przedszkolny w S\u0105spowie\",\"url\":\"https:\\\/\\\/saspow.edu.pl\\\/\",\"logo\":{\"@type\":\"ImageObject\",\"inLanguage\":\"pl-PL\",\"@id\":\"https:\\\/\\\/saspow.edu.pl\\\/#\\\/schema\\\/logo\\\/image\\\/\",\"url\":\"https:\\\/\\\/saspow.edu.pl\\\/wp-content\\\/uploads\\\/2025\\\/09\\\/250.png\",\"contentUrl\":\"https:\\\/\\\/saspow.edu.pl\\\/wp-content\\\/uploads\\\/2025\\\/09\\\/250.png\",\"width\":250,\"height\":97,\"caption\":\"Zesp\u00f3\u0142 Szkolno-Przedszkolny w S\u0105spowie\"},\"image\":{\"@id\":\"https:\\\/\\\/saspow.edu.pl\\\/#\\\/schema\\\/logo\\\/image\\\/\"},\"sameAs\":[\"https:\\\/\\\/www.facebook.com\\\/profile.php?id=100057595683178\"]}]}<\/script>\n<!-- \/ Yoast SEO plugin. -->","yoast_head_json":{"title":"MPWS dla rodzic\u00f3w - Zesp&oacute;\u0142 Szkolno-Przedszkolny w S\u0105spowie","robots":{"index":"index","follow":"follow","max-snippet":"max-snippet:-1","max-image-preview":"max-image-preview:large","max-video-preview":"max-video-preview:-1"},"canonical":"https:\/\/saspow.edu.pl\/index.php\/mpws-dla-rodzicow\/","og_locale":"pl_PL","og_type":"article","og_title":"MPWS dla rodzic\u00f3w - Zesp&oacute;\u0142 Szkolno-Przedszkolny w S\u0105spowie","og_description":"[vc_row][vc_column][vc_column_text]W dniach 21-22 stycznia, odby\u0142y si\u0119 warsztaty dla rodzic\u00f3w uczni\u00f3w\u00a0 w\u00a0ramach realizacji Ma\u0142opolskiego Programu Wspierania Uczni\u00f3w \u2013 komponent 2 w\u00a0ramach programu Fundusze Europejskie dla Ma\u0142opolski 2021-2027 prowadzone przez Pani\u0105 Emili\u0119 Giemzik.\u00a0 Podczas tych spotka\u0144 poruszano tematyk\u0119 dotycz\u0105c\u0105: \u00a01. Zdolno\u015bci, uzdolnie\u0144, talentu \u2013 teoria Inteligencji Wielorakich Gardnera. 2. Dziecka zdolnego \u2013 mocne i\u00a0s\u0142abe strony. 3. Roli&hellip;","og_url":"https:\/\/saspow.edu.pl\/index.php\/mpws-dla-rodzicow\/","og_site_name":"Zesp&oacute;\u0142 Szkolno-Przedszkolny w S\u0105spowie","article_publisher":"https:\/\/www.facebook.com\/profile.php?id=100057595683178","twitter_card":"summary_large_image","twitter_misc":{"Szacowany czas czytania":"1 minuta"},"schema":{"@context":"https:\/\/schema.org","@graph":[{"@type":"WebPage","@id":"https:\/\/saspow.edu.pl\/index.php\/mpws-dla-rodzicow\/","url":"https:\/\/saspow.edu.pl\/index.php\/mpws-dla-rodzicow\/","name":"MPWS dla rodzic\u00f3w - Zesp&oacute;\u0142 Szkolno-Przedszkolny w S\u0105spowie","isPartOf":{"@id":"https:\/\/saspow.edu.pl\/#website"},"datePublished":"2026-02-26T12:36:24+00:00","breadcrumb":{"@id":"https:\/\/saspow.edu.pl\/index.php\/mpws-dla-rodzicow\/#breadcrumb"},"inLanguage":"pl-PL","potentialAction":[{"@type":"ReadAction","target":["https:\/\/saspow.edu.pl\/index.php\/mpws-dla-rodzicow\/"]}]},{"@type":"BreadcrumbList","@id":"https:\/\/saspow.edu.pl\/index.php\/mpws-dla-rodzicow\/#breadcrumb","itemListElement":[{"@type":"ListItem","position":1,"name":"Strona g\u0142\u00f3wna","item":"https:\/\/saspow.edu.pl\/"},{"@type":"ListItem","position":2,"name":"MPWS dla rodzic\u00f3w"}]},{"@type":"WebSite","@id":"https:\/\/saspow.edu.pl\/#website","url":"https:\/\/saspow.edu.pl\/","name":"Zesp\u00f3\u0142 Szkolno-Przedszkolny w S\u0105spowie","description":"Zesp&oacute;\u0142 Szkolno-Przedszkolny w S\u0105spowie","publisher":{"@id":"https:\/\/saspow.edu.pl\/#organization"},"potentialAction":[{"@type":"SearchAction","target":{"@type":"EntryPoint","urlTemplate":"https:\/\/saspow.edu.pl\/?s={search_term_string}"},"query-input":{"@type":"PropertyValueSpecification","valueRequired":true,"valueName":"search_term_string"}}],"inLanguage":"pl-PL"},{"@type":"Organization","@id":"https:\/\/saspow.edu.pl\/#organization","name":"Zesp\u00f3\u0142 Szkolno-Przedszkolny w S\u0105spowie","url":"https:\/\/saspow.edu.pl\/","logo":{"@type":"ImageObject","inLanguage":"pl-PL","@id":"https:\/\/saspow.edu.pl\/#\/schema\/logo\/image\/","url":"https:\/\/saspow.edu.pl\/wp-content\/uploads\/2025\/09\/250.png","contentUrl":"https:\/\/saspow.edu.pl\/wp-content\/uploads\/2025\/09\/250.png","width":250,"height":97,"caption":"Zesp\u00f3\u0142 Szkolno-Przedszkolny w S\u0105spowie"},"image":{"@id":"https:\/\/saspow.edu.pl\/#\/schema\/logo\/image\/"},"sameAs":["https:\/\/www.facebook.com\/profile.php?id=100057595683178"]}]}},"_links":{"self":[{"href":"https:\/\/saspow.edu.pl\/index.php\/wp-json\/wp\/v2\/pages\/1066","targetHints":{"allow":["GET"]}}],"collection":[{"href":"https:\/\/saspow.edu.pl\/index.php\/wp-json\/wp\/v2\/pages"}],"about":[{"href":"https:\/\/saspow.edu.pl\/index.php\/wp-json\/wp\/v2\/types\/page"}],"author":[{"embeddable":true,"href":"https:\/\/saspow.edu.pl\/index.php\/wp-json\/wp\/v2\/users\/2"}],"replies":[{"embeddable":true,"href":"https:\/\/saspow.edu.pl\/index.php\/wp-json\/wp\/v2\/comments?post=1066"}],"version-history":[{"count":1,"href":"https:\/\/saspow.edu.pl\/index.php\/wp-json\/wp\/v2\/pages\/1066\/revisions"}],"predecessor-version":[{"id":1068,"href":"https:\/\/saspow.edu.pl\/index.php\/wp-json\/wp\/v2\/pages\/1066\/revisions\/1068"}],"wp:attachment":[{"href":"https:\/\/saspow.edu.pl\/index.php\/wp-json\/wp\/v2\/media?parent=1066"}],"curies":[{"name":"wp","href":"https:\/\/api.w.org\/{rel}","templated":true}]}}

MPWS dla rodziców

<div class="wpb-content-wrapper"><p>[vc_row][vc_column][vc_column_text]W dniach 21-22 stycznia, odbyły się warsztaty dla rodziców uczniów  w ramach realizacji Małopolskiego Programu Wspierania Uczniów – komponent 2 w ramach programu Fundusze Europejskie dla Małopolski 2021-2027 prowadzone przez Panią Emilię Giemzik.  Podczas tych spotkań poruszano tematykę dotyczącą:  1. Zdolności, uzdolnień, talentu – teoria Inteligencji Wielorakich Gardnera. 2. Dziecka zdolnego – mocne i słabe strony. 3. Roli rodziny we wspieraniu rozwoju dzieci zdolnych – postawy rodziców dzieci zdolnych. 4. Korzyści z udziału w projekcie MPWU.[/vc_column_text][/vc_column][/vc_row][vc_row][vc_column][vc_single_image image=&#8221;1067&#8243; img_size=&#8221;full&#8221; alignment=&#8221;center&#8221;][/vc_column][/vc_row]</p>
</div>

<p>[vc_row][vc_column][vc_column_text]W dniach 21-22 stycznia, odbyły się warsztaty dla rodziców uczniów  w ramach realizacji Małopolskiego Programu Wspierania Uczniów – komponent 2 w ramach programu Fundusze Europejskie dla Małopolski 2021-2027 prowadzone przez Panią Emilię Giemzik.  Podczas tych spotkań poruszano tematykę dotyczącą:  1. Zdolności, uzdolnień, talentu – teoria Inteligencji Wielorakich Gardnera. 2. Dziecka zdolnego – mocne i słabe strony. 3. Roli&hellip;</p>

<!-- This site is optimized with the Yoast SEO plugin v27.4 - https://yoast.com/product/yoast-seo-wordpress/ -->
<title>MPWS dla rodziców - Zesp&oacute;ł Szkolno-Przedszkolny w Sąspowie</title>
<meta name="robots" content="index, follow, max-snippet:-1, max-image-preview:large, max-video-preview:-1" />
<link rel="canonical" href="https://saspow.edu.pl/index.php/mpws-dla-rodzicow/" />
<meta property="og:locale" content="pl_PL" />
<meta property="og:type" content="article" />
<meta property="og:title" content="MPWS dla rodziców - Zesp&oacute;ł Szkolno-Przedszkolny w Sąspowie" />
<meta property="og:description" content="[vc_row][vc_column][vc_column_text]W dniach 21-22 stycznia, odbyły się warsztaty dla rodziców uczniów  w ramach realizacji Małopolskiego Programu Wspierania Uczniów – komponent 2 w ramach programu Fundusze Europejskie dla Małopolski 2021-2027 prowadzone przez Panią Emilię Giemzik.  Podczas tych spotkań poruszano tematykę dotyczącą:  1. Zdolności, uzdolnień, talentu – teoria Inteligencji Wielorakich Gardnera. 2. Dziecka zdolnego – mocne i słabe strony. 3. Roli&hellip;" />
<meta property="og:url" content="https://saspow.edu.pl/index.php/mpws-dla-rodzicow/" />
<meta property="og:site_name" content="Zesp&oacute;ł Szkolno-Przedszkolny w Sąspowie" />
<meta property="article:publisher" content="https://www.facebook.com/profile.php?id=100057595683178" />
<meta name="twitter:card" content="summary_large_image" />
<meta name="twitter:label1" content="Szacowany czas czytania" />
	<meta name="twitter:data1" content="1 minuta" />
<script type="application/ld+json" class="yoast-schema-graph">{"@context":"https:\/\/schema.org","@graph":[{"@type":"WebPage","@id":"https:\/\/saspow.edu.pl\/index.php\/mpws-dla-rodzicow\/","url":"https:\/\/saspow.edu.pl\/index.php\/mpws-dla-rodzicow\/","name":"MPWS dla rodziców - Zesp&oacute;ł Szkolno-Przedszkolny w Sąspowie","isPartOf":{"@id":"https:\/\/saspow.edu.pl\/#website"},"datePublished":"2026-02-26T12:36:24+00:00","breadcrumb":{"@id":"https:\/\/saspow.edu.pl\/index.php\/mpws-dla-rodzicow\/#breadcrumb"},"inLanguage":"pl-PL","potentialAction":[{"@type":"ReadAction","target":["https:\/\/saspow.edu.pl\/index.php\/mpws-dla-rodzicow\/"]}]},{"@type":"BreadcrumbList","@id":"https:\/\/saspow.edu.pl\/index.php\/mpws-dla-rodzicow\/#breadcrumb","itemListElement":[{"@type":"ListItem","position":1,"name":"Strona główna","item":"https:\/\/saspow.edu.pl\/"},{"@type":"ListItem","position":2,"name":"MPWS dla rodziców"}]},{"@type":"WebSite","@id":"https:\/\/saspow.edu.pl\/#website","url":"https:\/\/saspow.edu.pl\/","name":"Zespół Szkolno-Przedszkolny w Sąspowie","description":"Zesp&oacute;ł Szkolno-Przedszkolny w Sąspowie","publisher":{"@id":"https:\/\/saspow.edu.pl\/#organization"},"potentialAction":[{"@type":"SearchAction","target":{"@type":"EntryPoint","urlTemplate":"https:\/\/saspow.edu.pl\/?s={search_term_string}"},"query-input":{"@type":"PropertyValueSpecification","valueRequired":true,"valueName":"search_term_string"}}],"inLanguage":"pl-PL"},{"@type":"Organization","@id":"https:\/\/saspow.edu.pl\/#organization","name":"Zespół Szkolno-Przedszkolny w Sąspowie","url":"https:\/\/saspow.edu.pl\/","logo":{"@type":"ImageObject","inLanguage":"pl-PL","@id":"https:\/\/saspow.edu.pl\/#\/schema\/logo\/image\/","url":"https:\/\/saspow.edu.pl\/wp-content\/uploads\/2025\/09\/250.png","contentUrl":"https:\/\/saspow.edu.pl\/wp-content\/uploads\/2025\/09\/250.png","width":250,"height":97,"caption":"Zespół Szkolno-Przedszkolny w Sąspowie"},"image":{"@id":"https:\/\/saspow.edu.pl\/#\/schema\/logo\/image\/"},"sameAs":["https:\/\/www.facebook.com\/profile.php?id=100057595683178"]}]}</script>
<!-- / Yoast SEO plugin. -->

MPWS dla rodziców - Zesp&oacute;ł Szkolno-Przedszkolny w Sąspowie

[vc_row][vc_column][vc_column_text]W dniach 21-22 stycznia, odbyły się warsztaty dla rodziców uczniów  w ramach realizacji Małopolskiego Programu Wspierania Uczniów – komponent 2 w ramach programu Fundusze Europejskie dla Małopolski 2021-2027 prowadzone przez Panią Emilię Giemzik.  Podczas tych spotkań poruszano tematykę dotyczącą:  1. Zdolności, uzdolnień, talentu – teoria Inteligencji Wielorakich Gardnera. 2. Dziecka zdolnego – mocne i słabe strony. 3. Roli&hellip;

Zesp&oacute;ł Szkolno-Przedszkolny w Sąspowie

Strona główna

Zespół Szkolno-Przedszkolny w Sąspowie
